{"id":395,"date":"2024-03-26T12:08:12","date_gmt":"2024-03-26T11:08:12","guid":{"rendered":"https:\/\/itsrv.pl\/?page_id=395"},"modified":"2024-03-26T12:17:49","modified_gmt":"2024-03-26T11:17:49","slug":"sieci-lan-wifi","status":"publish","type":"page","link":"https:\/\/itsrv.pl\/?page_id=395","title":{"rendered":"Sieci LAN \/ WiFi"},"content":{"rendered":"<p>Jeste\u015bmy gotowi zapewni\u0107 Ci nie tylko szybki i stabilny dost\u0119p do internetu w Twoim miejscu pracy czy domu, ale tak\u017ce doradzi\u0107 i zaimplementowa\u0107 najlepsze rozwi\u0105zania w zakresie sieci LAN i Wi-Fi.<\/p>\n<p>Dzi\u0119ki naszemu do\u015bwiadczeniu i zaanga\u017cowaniu w bran\u017cy IT, mo\u017cesz mie\u0107 pewno\u015b\u0107, \u017ce Twoja sie\u0107 b\u0119dzie nie tylko bezpieczna, ale tak\u017ce wydajna i dostosowana do Twoich potrzeb.<\/p>\n<p>Zapraszamy do skorzystania z naszych us\u0142ug sieci LAN\/Wi-Fi i do\u0142\u0105czenia do grona zadowolonych klient\u00f3w, kt\u00f3rzy ciesz\u0105 si\u0119 p\u0142ynnym i niezawodnym dost\u0119pem do internetu.<\/p>\n<p>&nbsp;<\/p>\n<p><strong>Dlaczego My?<\/strong><\/p>\n<ol>\n<li><strong>Do\u015bwiadczenie i Profesjonalizm:<\/strong> Nasz zesp\u00f3\u0142 sk\u0142ada si\u0119 z do\u015bwiadczonych specjalist\u00f3w, kt\u00f3rzy posiadaj\u0105 wiedz\u0119 i umiej\u0119tno\u015bci potrzebne do skutecznego projektowania, instalacji i zarz\u0105dzania sieciami LAN i Wi-Fi.<\/li>\n<li><strong>Indywidualne Podej\u015bcie:<\/strong> Rozumiemy, \u017ce ka\u017cdy klient ma inne potrzeby i oczekiwania. Dlatego te\u017c oferujemy indywidualne podej\u015bcie do ka\u017cdego projektu, dostosowuj\u0105c rozwi\u0105zania sieciowe do konkretnych wymaga\u0144 i warunk\u00f3w technicznych.<\/li>\n<li><strong>Zaawansowane Technologie:<\/strong> \u015aledzimy najnowsze trendy i technologie w dziedzinie sieci komputerowych, aby zapewni\u0107 naszym klientom dost\u0119p do najnowocze\u015bniejszych rozwi\u0105za\u0144. Stosujemy najwy\u017cszej jako\u015bci urz\u0105dzenia i rozwiazania, kt\u00f3re gwarantuj\u0105 nie tylko wydajno\u015b\u0107, ale tak\u017ce bezpiecze\u0144stwo sieci.<\/li>\n<li><strong>Wsparcie i Obs\u0142uga:<\/strong> Naszym celem jest zapewnienie kompleksowej obs\u0142ugi na ka\u017cdym etapie wsp\u00f3\u0142pracy. Oferujemy profesjonalne doradztwo, szybk\u0105 pomoc techniczn\u0105 oraz regularne wsparcie w utrzymaniu i aktualizacji Twojej sieci.<\/li>\n<li><strong>Zadowolenie Klienta:<\/strong> Nasza satysfakcja p\u0142ynie z zadowolenia naszych klient\u00f3w. Dlatego te\u017c d\u0105\u017cymy do tego, aby ka\u017cdy klient by\u0142 w pe\u0142ni zadowolony z naszych us\u0142ug i m\u00f3g\u0142 cieszy\u0107 si\u0119 p\u0142ynnym i niezawodnym dost\u0119pem do internetu.<\/li>\n<\/ol>\n<p>Zapraszamy do skorzystania z naszych us\u0142ug sieci LAN\/Wi-Fi i do\u0142\u0105czenia do grona zadowolonych klient\u00f3w, kt\u00f3rzy ciesz\u0105 si\u0119 p\u0142ynnym i niezawodnym dost\u0119pem do internetu.<\/p>\n","protected":false},"excerpt":{"rendered":"<p>Jeste\u015bmy gotowi zapewni\u0107 Ci nie tylko szybki i stabilny dost\u0119p do internetu w Twoim miejscu pracy czy domu, ale tak\u017ce doradzi\u0107 i zaimplementowa\u0107 najlepsze rozwi\u0105zania w zakresie sieci LAN i Wi-Fi. Dzi\u0119ki naszemu do\u015bwiadczeniu i zaanga\u017cowaniu w bran\u017cy IT, mo\u017cesz mie\u0107 pewno\u015b\u0107, \u017ce Twoja sie\u0107 b\u0119dzie nie tylko bezpieczna, ale tak\u017ce wydajna i dostosowana do&hellip;&nbsp;<a href=\"https:\/\/itsrv.pl\/?page_id=395\" class=\"\" rel=\"bookmark\">Czytaj dalej &raquo;<span class=\"screen-reader-text\">Sieci LAN \/ WiFi<\/span><\/a><\/p>\n","protected":false},"author":1,"featured_media":0,"parent":0,"menu_order":0,"comment_status":"closed","ping_status":"closed","template":"","meta":{"neve_meta_sidebar":"","neve_meta_container":"","neve_meta_enable_content_width":"off","neve_meta_content_width":100,"neve_meta_title_alignment":"","neve_meta_author_avatar":"","neve_post_elements_order":"","neve_meta_disable_header":"","neve_meta_disable_footer":"","neve_meta_disable_title":"","_themeisle_gutenberg_block_has_review":false,"_ti_tpc_template_sync":false,"_ti_tpc_template_id":"","footnotes":""},"class_list":["post-395","page","type-page","status-publish","hentry"],"_links":{"self":[{"href":"https:\/\/itsrv.pl\/index.php?rest_route=\/wp\/v2\/pages\/395","targetHints":{"allow":["GET"]}}],"collection":[{"href":"https:\/\/itsrv.pl\/index.php?rest_route=\/wp\/v2\/pages"}],"about":[{"href":"https:\/\/itsrv.pl\/index.php?rest_route=\/wp\/v2\/types\/page"}],"author":[{"embeddable":true,"href":"https:\/\/itsrv.pl\/index.php?rest_route=\/wp\/v2\/users\/1"}],"replies":[{"embeddable":true,"href":"https:\/\/itsrv.pl\/index.php?rest_route=%2Fwp%2Fv2%2Fcomments&post=395"}],"version-history":[{"count":2,"href":"https:\/\/itsrv.pl\/index.php?rest_route=\/wp\/v2\/pages\/395\/revisions"}],"predecessor-version":[{"id":408,"href":"https:\/\/itsrv.pl\/index.php?rest_route=\/wp\/v2\/pages\/395\/revisions\/408"}],"wp:attachment":[{"href":"https:\/\/itsrv.pl\/index.php?rest_route=%2Fwp%2Fv2%2Fmedia&parent=395"}],"curies":[{"name":"wp","href":"https:\/\/api.w.org\/{rel}","templated":true}]}}