{"id":393,"date":"2024-03-26T12:07:33","date_gmt":"2024-03-26T11:07:33","guid":{"rendered":"https:\/\/itsrv.pl\/?page_id=393"},"modified":"2024-03-26T12:20:11","modified_gmt":"2024-03-26T11:20:11","slug":"systemy-alarmowe","status":"publish","type":"page","link":"https:\/\/itsrv.pl\/?page_id=393","title":{"rendered":"Systemy alarmowe"},"content":{"rendered":"<p>W naszej ofercie system\u00f3w alarmowych zapewniamy nie tylko sprz\u0119t wysokiej jako\u015bci, ale tak\u017ce spok\u00f3j ducha. Dzia\u0142aj\u0105c na rynku od lat, zdobyli\u015bmy zaufanie naszych klient\u00f3w poprzez profesjonalizm, skuteczno\u015b\u0107 oraz indywidualne podej\u015bcie do ka\u017cdego projektu.<\/p>\n<p>Dlaczego warto wybra\u0107 nasz\u0105 ofert\u0119?<\/p>\n<ol>\n<li><strong>Bezpiecze\u0144stwo na Pierwszym Miejscu:<\/strong> Nasze systemy alarmowe zapewniaj\u0105 kompleksow\u0105 ochron\u0119 przed zagro\u017ceniami. Bez wzgl\u0119du na to, czy chodzi o w\u0142amania, po\u017cary czy inne niebezpiecze\u0144stwa, mo\u017cesz by\u0107 pewien, \u017ce Tw\u00f3j dom lub firma s\u0105 odpowiednio zabezpieczone.<\/li>\n<li><strong>Dostosowane Rozwi\u0105zania:<\/strong> Rozumiemy, \u017ce ka\u017cdy klient ma inne potrzeby i oczekiwania. Dlatego te\u017c oferujemy szeroki wyb\u00f3r rozwi\u0105za\u0144, kt\u00f3re mo\u017cna dopasowa\u0107 do konkretnych warunk\u00f3w i wymaga\u0144.<\/li>\n<li><strong>Profesjonalna Instalacja i Obs\u0142uga:<\/strong> Nasz do\u015bwiadczony zesp\u00f3\u0142 zapewni Ci kompleksow\u0105 obs\u0142ug\u0119 od pocz\u0105tku do ko\u0144ca. Od profesjonalnej instalacji po regularne przegl\u0105dy i serwisowanie &#8211; jeste\u015bmy z Tob\u0105 na ka\u017cdym kroku.<\/li>\n<li><strong>Najnowsze Technologie:<\/strong> Stawiamy na innowacje i dlatego u\u017cywamy najnowszych technologii, kt\u00f3re gwarantuj\u0105 nie tylko skuteczno\u015b\u0107, ale tak\u017ce prostot\u0119 u\u017cytkowania.<\/li>\n<li><strong>Wsparcie i Pomoc:<\/strong> Naszym celem jest zapewnienie Ci pe\u0142nego spokoju ducha. Dlatego te\u017c nasz zesp\u00f3\u0142 s\u0142u\u017cy pomoc\u0105 i wsparciem w ka\u017cdej sytuacji.<\/li>\n<\/ol>\n<p>Zapewnij sobie i swoim bliskim bezpiecze\u0144stwo i spok\u00f3j ducha ju\u017c dzi\u015b. Skorzystaj z naszej oferty system\u00f3w alarmowych i do\u0142\u0105cz do grona zadowolonych klient\u00f3w.<\/p>\n","protected":false},"excerpt":{"rendered":"<p>W naszej ofercie system\u00f3w alarmowych zapewniamy nie tylko sprz\u0119t wysokiej jako\u015bci, ale tak\u017ce spok\u00f3j ducha. Dzia\u0142aj\u0105c na rynku od lat, zdobyli\u015bmy zaufanie naszych klient\u00f3w poprzez profesjonalizm, skuteczno\u015b\u0107 oraz indywidualne podej\u015bcie do ka\u017cdego projektu. Dlaczego warto wybra\u0107 nasz\u0105 ofert\u0119? Bezpiecze\u0144stwo na Pierwszym Miejscu: Nasze systemy alarmowe zapewniaj\u0105 kompleksow\u0105 ochron\u0119 przed zagro\u017ceniami. Bez wzgl\u0119du na to, czy&hellip;&nbsp;<a href=\"https:\/\/itsrv.pl\/?page_id=393\" class=\"\" rel=\"bookmark\">Czytaj dalej &raquo;<span class=\"screen-reader-text\">Systemy alarmowe<\/span><\/a><\/p>\n","protected":false},"author":1,"featured_media":0,"parent":0,"menu_order":0,"comment_status":"closed","ping_status":"closed","template":"","meta":{"neve_meta_sidebar":"","neve_meta_container":"","neve_meta_enable_content_width":"off","neve_meta_content_width":100,"neve_meta_title_alignment":"","neve_meta_author_avatar":"","neve_post_elements_order":"","neve_meta_disable_header":"","neve_meta_disable_footer":"","neve_meta_disable_title":"","_themeisle_gutenberg_block_has_review":false,"_ti_tpc_template_sync":false,"_ti_tpc_template_id":"","footnotes":""},"class_list":["post-393","page","type-page","status-publish","hentry"],"_links":{"self":[{"href":"https:\/\/itsrv.pl\/index.php?rest_route=\/wp\/v2\/pages\/393","targetHints":{"allow":["GET"]}}],"collection":[{"href":"https:\/\/itsrv.pl\/index.php?rest_route=\/wp\/v2\/pages"}],"about":[{"href":"https:\/\/itsrv.pl\/index.php?rest_route=\/wp\/v2\/types\/page"}],"author":[{"embeddable":true,"href":"https:\/\/itsrv.pl\/index.php?rest_route=\/wp\/v2\/users\/1"}],"replies":[{"embeddable":true,"href":"https:\/\/itsrv.pl\/index.php?rest_route=%2Fwp%2Fv2%2Fcomments&post=393"}],"version-history":[{"count":2,"href":"https:\/\/itsrv.pl\/index.php?rest_route=\/wp\/v2\/pages\/393\/revisions"}],"predecessor-version":[{"id":410,"href":"https:\/\/itsrv.pl\/index.php?rest_route=\/wp\/v2\/pages\/393\/revisions\/410"}],"wp:attachment":[{"href":"https:\/\/itsrv.pl\/index.php?rest_route=%2Fwp%2Fv2%2Fmedia&parent=393"}],"curies":[{"name":"wp","href":"https:\/\/api.w.org\/{rel}","templated":true}]}}