{"id":332,"date":"2020-07-01T22:07:00","date_gmt":"2020-07-01T22:07:00","guid":{"rendered":"https:\/\/demosites.io\/pet-shop-gb\/?page_id=125"},"modified":"2024-03-26T12:40:20","modified_gmt":"2024-03-26T11:40:20","slug":"d09c8-contact","status":"publish","type":"page","link":"https:\/\/itsrv.pl\/?page_id=332","title":{"rendered":"Contact"},"content":{"rendered":"\t\t<div data-elementor-type=\"wp-page\" data-elementor-id=\"332\" class=\"elementor elementor-332\">\n\t\t\t\t\t\t\t\t\t<section class=\"elementor-section elementor-top-section elementor-element elementor-element-2ea0c081 elementor-section-boxed elementor-section-height-default elementor-section-height-default\" data-id=\"2ea0c081\" data-element_type=\"section\">\n\t\t\t\t\t\t<div class=\"elementor-container elementor-column-gap-default\">\n\t\t\t\t\t<div class=\"elementor-column elementor-col-100 elementor-top-column elementor-element elementor-element-bcaf518\" data-id=\"bcaf518\" data-element_type=\"column\">\n\t\t\t<div class=\"elementor-widget-wrap elementor-element-populated\">\n\t\t\t\t\t\t\t\t<div class=\"elementor-element elementor-element-4090e58f elementor-widget elementor-widget-text-editor\" data-id=\"4090e58f\" data-element_type=\"widget\" data-widget_type=\"text-editor.default\">\n\t\t\t\t<div class=\"elementor-widget-container\">\n\t\t\t<style>\/*! elementor - v3.13.3 - 28-05-2023 *\/\n.elementor-widget-text-editor.elementor-drop-cap-view-stacked .elementor-drop-cap{background-color:#69727d;color:#fff}.elementor-widget-text-editor.elementor-drop-cap-view-framed .elementor-drop-cap{color:#69727d;border:3px solid;background-color:transparent}.elementor-widget-text-editor:not(.elementor-drop-cap-view-default) .elementor-drop-cap{margin-top:8px}.elementor-widget-text-editor:not(.elementor-drop-cap-view-default) .elementor-drop-cap-letter{width:1em;height:1em}.elementor-widget-text-editor .elementor-drop-cap{float:left;text-align:center;line-height:1;font-size:50px}.elementor-widget-text-editor .elementor-drop-cap-letter{display:inline-block}<\/style>\t\t\t\t<p><!-- wp:themeisle-blocks\/advanced-columns {\"id\":\"wp-block-themeisle-blocks-advanced-columns-6548a24d\",\"columns\":1,\"layout\":\"equal\",\"padding\":{\"top\":\"40px\",\"bottom\":\"40px\",\"left\":\"20px\",\"right\":\"20px\"},\"paddingTablet\":{\"top\":null,\"bottom\":null,\"left\":null,\"right\":null},\"paddingMobile\":{\"top\":\"20px\",\"bottom\":\"20px\",\"left\":\"20px\",\"right\":\"20px\"},\"margin\":{\"top\":\"0px\",\"bottom\":\"0px\"},\"marginTablet\":{\"top\":null,\"bottom\":null},\"marginMobile\":{\"top\":\"-4px\",\"bottom\":null},\"columnsWidth\":1100,\"horizontalAlign\":\"center\",\"backgroundType\":\"image\",\"backgroundImage\":{\"id\":52,\"url\":\"https:\/\/itsrv.pl\/wp-content\/uploads\/2020\/04\/neve-pet-shop-03.jpg\"},\"backgroundPosition\":{\"x\":\"0.50\",\"y\":\"0.50\"},\"backgroundRepeat\":\"no-repeat\",\"backgroundSize\":\"cover\",\"backgroundOverlayOpacity\":80,\"backgroundOverlayColor\":\"var(\\u002d\\u002dnv-dark-bg)\",\"backgroundOverlayPosition\":{\"x\":\"0.00\",\"y\":\"0.00\"},\"border\":{\"top\":\"0px\",\"bottom\":\"0px\",\"left\":\"0px\",\"right\":\"0px\"},\"borderRadius\":{\"top\":\"0px\",\"bottom\":\"0px\",\"left\":\"0px\",\"right\":\"0px\"},\"dividerTopWidth\":100,\"dividerTopWidthTablet\":100,\"dividerTopWidthMobile\":100,\"dividerTopHeight\":100,\"dividerTopHeightTablet\":100,\"dividerTopHeightMobile\":100,\"dividerBottomWidth\":100,\"dividerBottomWidthTablet\":100,\"dividerBottomWidthMobile\":100,\"dividerBottomHeight\":100,\"dividerBottomHeightTablet\":100,\"dividerBottomHeightMobile\":100,\"align\":\"full\",\"otterConditions\":[]} --><\/p>\n<div id=\"wp-block-themeisle-blocks-advanced-columns-6548a24d\" class=\"wp-block-themeisle-blocks-advanced-columns alignfull has-1-columns has-desktop-equal-layout has-tablet-equal-layout has-mobile-equal-layout has-vertical-unset\">\n<div class=\"wp-block-themeisle-blocks-advanced-columns-overlay\">\u00a0<\/div>\n<div class=\"innerblocks-wrap\">\n<p><!-- wp:themeisle-blocks\/advanced-column {\"id\":\"wp-block-themeisle-blocks-advanced-column-ecd038a8\",\"padding\":{\"top\":\"20px\",\"bottom\":\"20px\",\"left\":\"20px\",\"right\":\"20px\"},\"paddingTablet\":{\"top\":null,\"bottom\":null,\"left\":null,\"right\":null},\"paddingMobile\":{\"top\":null,\"bottom\":null,\"left\":null,\"right\":null},\"margin\":{\"top\":\"20px\",\"bottom\":\"20px\",\"left\":\"0px\",\"right\":\"0px\"},\"marginTablet\":{\"top\":null,\"bottom\":null,\"left\":null,\"right\":null},\"marginMobile\":{\"top\":\"0px\",\"bottom\":\"0px\",\"left\":null,\"right\":null},\"backgroundPosition\":{\"x\":\"0.00\",\"y\":\"0.00\"},\"border\":{\"top\":\"0px\",\"bottom\":\"0px\",\"left\":\"0px\",\"right\":\"0px\"},\"borderRadius\":{\"top\":\"0px\",\"bottom\":\"0px\",\"left\":\"0px\",\"right\":\"0px\"},\"columnWidth\":\"100\",\"otterConditions\":[]} --><\/p>\n<div id=\"wp-block-themeisle-blocks-advanced-column-ecd038a8\" class=\"wp-block-themeisle-blocks-advanced-column\">\n<p><!-- wp:heading {\"textAlign\":\"center\",\"level\":1,\"textColor\":\"nv-text-dark-bg\",\"otterConditions\":[]} --><\/p>\n<h1 class=\"has-text-align-center has-nv-text-dark-bg-color has-text-color\">Kontakt<\/h1>\n<p><!-- \/wp:heading --><\/p>\n<p><!-- wp:separator {\"opacity\":\"css\",\"backgroundColor\":\"neve-button-color\",\"otterConditions\":[]} --><\/p>\n<hr class=\"wp-block-separator has-text-color has-neve-button-color-color has-css-opacity has-neve-button-color-background-color has-background\" \/>\n<p><!-- \/wp:separator --><\/p>\n<\/div>\n<p><!-- \/wp:themeisle-blocks\/advanced-column --><\/p>\n<\/div>\n<\/div>\n<p><!-- \/wp:themeisle-blocks\/advanced-columns --><\/p>\n<p><!-- wp:themeisle-blocks\/advanced-columns {\"id\":\"wp-block-themeisle-blocks-advanced-columns-e23d216c\",\"columns\":3,\"layout\":\"equal\",\"layoutMobile\":\"collapsedRows\",\"padding\":{\"top\":\"100px\",\"bottom\":\"100px\",\"left\":\"20px\",\"right\":\"20px\"},\"paddingTablet\":{\"top\":null,\"bottom\":null,\"left\":null,\"right\":null},\"paddingMobile\":{\"top\":\"20px\",\"bottom\":\"20px\",\"left\":\"20px\",\"right\":\"20px\"},\"margin\":{\"top\":\"0px\",\"bottom\":\"0px\"},\"marginTablet\":{\"top\":null,\"bottom\":null},\"marginMobile\":{\"top\":null,\"bottom\":null},\"columnsWidth\":1100,\"horizontalAlign\":\"center\",\"backgroundColor\":\"var(\\u002d\\u002dnv-light-bg)\",\"backgroundPosition\":{\"x\":\"0.00\",\"y\":\"0.00\"},\"backgroundOverlayPosition\":{\"x\":\"0.00\",\"y\":\"0.00\"},\"border\":{\"top\":\"0px\",\"bottom\":\"0px\",\"left\":\"0px\",\"right\":\"0px\"},\"borderRadius\":{\"top\":\"0px\",\"bottom\":\"0px\",\"left\":\"0px\",\"right\":\"0px\"},\"dividerTopWidth\":100,\"dividerTopWidthTablet\":100,\"dividerTopWidthMobile\":100,\"dividerTopHeight\":100,\"dividerTopHeightTablet\":100,\"dividerTopHeightMobile\":100,\"dividerBottomWidth\":100,\"dividerBottomWidthTablet\":100,\"dividerBottomWidthMobile\":100,\"dividerBottomHeight\":100,\"dividerBottomHeightTablet\":100,\"dividerBottomHeightMobile\":100,\"align\":\"full\",\"otterConditions\":[]} --><\/p>\n<div id=\"wp-block-themeisle-blocks-advanced-columns-e23d216c\" class=\"wp-block-themeisle-blocks-advanced-columns alignfull has-3-columns has-desktop-equal-layout has-tablet-equal-layout has-mobile-collapsedRows-layout has-vertical-unset\">\n<div class=\"wp-block-themeisle-blocks-advanced-columns-overlay\">\u00a0<\/div>\n<div class=\"wp-block-themeisle-blocks-advanced-columns-overlay\">\u00a0<\/div>\n<div class=\"innerblocks-wrap\">\n<div id=\"wp-block-themeisle-blocks-advanced-column-2b38707c\" class=\"wp-block-themeisle-blocks-advanced-column\">\n<div id=\"wp-block-themeisle-blocks-advanced-columns-277143e7\" class=\"wp-block-themeisle-blocks-advanced-columns has-2-columns has-desktop-oneTwo-layout has-tablet-oneTwo-layout has-mobile-collapsedRows-layout has-vertical-unset\">\n<div class=\"wp-block-themeisle-blocks-advanced-columns-overlay\">\u00a0<\/div>\n<div class=\"innerblocks-wrap\">\n<div id=\"wp-block-themeisle-blocks-advanced-column-4fcc2eae\" class=\"wp-block-themeisle-blocks-advanced-column\">\n<div id=\"wp-block-themeisle-blocks-font-awesome-icons-c3ffc31c\" class=\"wp-block-themeisle-blocks-font-awesome-icons\">\u00a0<\/div>\n<\/div>\n<div id=\"wp-block-themeisle-blocks-advanced-column-a02a7d43\" class=\"wp-block-themeisle-blocks-advanced-column\">\n<h3 id=\"wp-block-themeisle-blocks-advanced-heading-6fbeb774\" class=\"wp-block-themeisle-blocks-advanced-heading wp-block-themeisle-blocks-advanced-heading-6fbeb774\">Zadzwo\u0144!\u00a0<\/h3>\n<p>Telefon:<br \/>+48537831780\u00a0<\/p>\n<\/div>\n<\/div>\n<\/div>\n<\/div>\n<div id=\"wp-block-themeisle-blocks-advanced-column-1c27e139\" class=\"wp-block-themeisle-blocks-advanced-column\">\n<div id=\"wp-block-themeisle-blocks-advanced-columns-bf2c7745\" class=\"wp-block-themeisle-blocks-advanced-columns has-2-columns has-desktop-oneTwo-layout has-tablet-oneTwo-layout has-mobile-collapsedRows-layout has-vertical-unset\">\n<div class=\"wp-block-themeisle-blocks-advanced-columns-overlay\" style=\"text-align: center;\">\u00a0<\/div>\n<div class=\"innerblocks-wrap\">\n<div id=\"wp-block-themeisle-blocks-advanced-column-2a274847\" class=\"wp-block-themeisle-blocks-advanced-column\" style=\"text-align: center;\">\n<div id=\"wp-block-themeisle-blocks-font-awesome-icons-ee732253\" class=\"wp-block-themeisle-blocks-font-awesome-icons\" style=\"text-align: center;\">\u00a0<\/div>\n<\/div>\n<div id=\"wp-block-themeisle-blocks-advanced-column-f021d6ad\" class=\"wp-block-themeisle-blocks-advanced-column\">\n<h3 id=\"wp-block-themeisle-blocks-advanced-heading-c242824c\" class=\"wp-block-themeisle-blocks-advanced-heading wp-block-themeisle-blocks-advanced-heading-c242824c\" style=\"text-align: left;\">Napisz do nas!<\/h3>\n<p style=\"text-align: left;\">E-mail:<br \/>stream@itsrv.pl<\/p>\n<\/div>\n<\/div>\n<\/div>\n<\/div>\n<p>\u00a0<\/p>\n<div id=\"wp-block-themeisle-blocks-advanced-column-1c27e139\" class=\"wp-block-themeisle-blocks-advanced-column\">\n<div id=\"wp-block-themeisle-blocks-advanced-columns-bf2c7745\" class=\"wp-block-themeisle-blocks-advanced-columns has-2-columns has-desktop-oneTwo-layout has-tablet-oneTwo-layout has-mobile-collapsedRows-layout has-vertical-unset\">\n<div class=\"innerblocks-wrap\">\n<div id=\"wp-block-themeisle-blocks-advanced-column-f021d6ad\" class=\"wp-block-themeisle-blocks-advanced-column\">\n<h3 id=\"wp-block-themeisle-blocks-advanced-heading-c242824c\" class=\"wp-block-themeisle-blocks-advanced-heading wp-block-themeisle-blocks-advanced-heading-c242824c\" style=\"text-align: left;\">Dane firmy:<\/h3>\n<p style=\"text-align: left;\">MFSolutions s.c.<br \/>NIP 8692012347<\/p>\n<\/div>\n<\/div>\n<\/div>\n<\/div>\n<\/div>\n<\/div>\n<h2><strong>Formularz kontaktowy:<\/strong><\/h2>\n<div class=\"wpforms-container wpforms-container-full wpforms-render-modern\" id=\"wpforms-430\"><form id=\"wpforms-form-430\" class=\"wpforms-validate wpforms-form wpforms-ajax-form\" data-formid=\"430\" method=\"post\" enctype=\"multipart\/form-data\" action=\"\/index.php?rest_route=%2Fwp%2Fv2%2Fpages%2F332\" data-token=\"ae698e1a4c4041a26318f0fd26e3981a\"><noscript class=\"wpforms-error-noscript\">Aby wype\u0142ni\u0107 ten formularz, w\u0142\u0105cz obs\u0142ug\u0119 JavaScript w przegl\u0105darce.<\/noscript><div class=\"wpforms-hidden\" id=\"wpforms-error-noscript\">Aby wype\u0142ni\u0107 ten formularz, w\u0142\u0105cz obs\u0142ug\u0119 JavaScript w przegl\u0105darce.<\/div><div class=\"wpforms-field-container\"><div id=\"wpforms-430-field_0-container\" class=\"wpforms-field wpforms-field-name\" data-field-id=\"0\"><label class=\"wpforms-field-label\" for=\"wpforms-430-field_0\">Imi\u0119 i nazwisko <span class=\"wpforms-required-label\" aria-hidden=\"true\">*<\/span><\/label><input type=\"text\" id=\"wpforms-430-field_0\" class=\"wpforms-field-medium wpforms-field-required\" name=\"wpforms[fields][0]\" aria-errormessage=\"wpforms-430-field_0-error\" required><\/div><div id=\"wpforms-430-field_1-container\" class=\"wpforms-field wpforms-field-email\" data-field-id=\"1\"><label class=\"wpforms-field-label\" for=\"wpforms-430-field_1\">Adres e-mail <span class=\"wpforms-required-label\" aria-hidden=\"true\">*<\/span><\/label><input type=\"email\" id=\"wpforms-430-field_1\" class=\"wpforms-field-medium wpforms-field-required\" name=\"wpforms[fields][1]\" spellcheck=\"false\" aria-errormessage=\"wpforms-430-field_1-error\" required><\/div><div id=\"wpforms-430-field_3-container\" class=\"wpforms-field wpforms-field-text\" data-field-id=\"3\"><label class=\"wpforms-field-label\" for=\"wpforms-430-field_3\">Miejscowo\u015b\u0107<\/label><input type=\"text\" id=\"wpforms-430-field_3\" class=\"wpforms-field-medium\" name=\"wpforms[fields][3]\" aria-errormessage=\"wpforms-430-field_3-error\" ><\/div><div id=\"wpforms-430-field_4-container\" class=\"wpforms-field wpforms-field-text\" data-field-id=\"4\"><label class=\"wpforms-field-label\" for=\"wpforms-430-field_4\">Rodzaj wydarzenia<\/label><input type=\"text\" id=\"wpforms-430-field_4\" class=\"wpforms-field-medium\" name=\"wpforms[fields][4]\" aria-errormessage=\"wpforms-430-field_4-error\" ><\/div><div id=\"wpforms-430-field_2-container\" class=\"wpforms-field wpforms-field-textarea\" data-field-id=\"2\"><label class=\"wpforms-field-label\" for=\"wpforms-430-field_2\">Wiadomo\u015b\u0107<\/label><textarea id=\"wpforms-430-field_2\" class=\"wpforms-field-medium\" name=\"wpforms[fields][2]\" aria-errormessage=\"wpforms-430-field_2-error\" ><\/textarea><\/div><\/div><!-- .wpforms-field-container --><div class=\"wpforms-recaptcha-container wpforms-is-recaptcha wpforms-is-recaptcha-type-v2\" ><div class=\"g-recaptcha\" data-sitekey=\"6LcUGaUpAAAAAMKR1WshQ_Vi2sovc6Qo7KJduox1\"><\/div><input type=\"text\" name=\"g-recaptcha-hidden\" class=\"wpforms-recaptcha-hidden\" style=\"position:absolute!important;clip:rect(0,0,0,0)!important;height:1px!important;width:1px!important;border:0!important;overflow:hidden!important;padding:0!important;margin:0!important;\" data-rule-recaptcha=\"1\"><\/div><div class=\"wpforms-submit-container\" ><input type=\"hidden\" name=\"wpforms[id]\" value=\"430\"><input type=\"hidden\" name=\"wpforms[author]\" value=\"1\"><button type=\"submit\" name=\"wpforms[submit]\" id=\"wpforms-submit-430\" class=\"wpforms-submit\" data-alt-text=\"Wysy\u0142anie...\" data-submit-text=\"Prze\u015blij\" aria-live=\"assertive\" value=\"wpforms-submit\">Prze\u015blij<\/button><img loading=\"lazy\" decoding=\"async\" src=\"https:\/\/itsrv.pl\/wp-content\/plugins\/wpforms-lite\/assets\/images\/submit-spin.svg\" class=\"wpforms-submit-spinner\" style=\"display: none;\" width=\"26\" height=\"26\" alt=\"Wczytywanie\"><\/div><\/form><\/div>  <!-- .wpforms-container -->\n<div id=\"wp-block-themeisle-blocks-advanced-columns-844f25d8\" class=\"wp-block-themeisle-blocks-advanced-columns alignfull has-2-columns has-desktop-equal-layout has-tablet-equal-layout has-mobile-collapsedRows-layout has-vertical-unset\">\n<div class=\"innerblocks-wrap\">\n<div id=\"wp-block-themeisle-blocks-advanced-column-bb6ff40b\" class=\"wp-block-themeisle-blocks-advanced-column contact-form\"><!-- \/wp:themeisle-blocks\/form --><\/div>\n<p><!-- \/wp:themeisle-blocks\/advanced-column --><\/p>\n<\/div>\n<\/div>\n<p><!-- \/wp:themeisle-blocks\/advanced-columns --><\/p>\t\t\t\t\t\t<\/div>\n\t\t\t\t<\/div>\n\t\t\t\t\t<\/div>\n\t\t<\/div>\n\t\t\t\t\t\t\t<\/div>\n\t\t<\/section>\n\t\t\t\t\t\t\t<\/div>\n\t\t","protected":false},"excerpt":{"rendered":"","protected":false},"author":1,"featured_media":0,"parent":0,"menu_order":0,"comment_status":"closed","ping_status":"closed","template":"","meta":{"neve_meta_sidebar":"full-width","neve_meta_container":"","neve_meta_enable_content_width":"on","neve_meta_content_width":100,"neve_meta_title_alignment":"","neve_meta_author_avatar":"","neve_post_elements_order":"","neve_meta_disable_header":"","neve_meta_disable_footer":"","neve_meta_disable_title":"on","_themeisle_gutenberg_block_has_review":false,"_ti_tpc_template_sync":false,"_ti_tpc_template_id":"74wviuferv969ngdvnpu","footnotes":""},"class_list":["post-332","page","type-page","status-publish","hentry"],"_links":{"self":[{"href":"https:\/\/itsrv.pl\/index.php?rest_route=\/wp\/v2\/pages\/332","targetHints":{"allow":["GET"]}}],"collection":[{"href":"https:\/\/itsrv.pl\/index.php?rest_route=\/wp\/v2\/pages"}],"about":[{"href":"https:\/\/itsrv.pl\/index.php?rest_route=\/wp\/v2\/types\/page"}],"author":[{"embeddable":true,"href":"https:\/\/itsrv.pl\/index.php?rest_route=\/wp\/v2\/users\/1"}],"replies":[{"embeddable":true,"href":"https:\/\/itsrv.pl\/index.php?rest_route=%2Fwp%2Fv2%2Fcomments&post=332"}],"version-history":[{"count":22,"href":"https:\/\/itsrv.pl\/index.php?rest_route=\/wp\/v2\/pages\/332\/revisions"}],"predecessor-version":[{"id":434,"href":"https:\/\/itsrv.pl\/index.php?rest_route=\/wp\/v2\/pages\/332\/revisions\/434"}],"wp:attachment":[{"href":"https:\/\/itsrv.pl\/index.php?rest_route=%2Fwp%2Fv2%2Fmedia&parent=332"}],"curies":[{"name":"wp","href":"https:\/\/api.w.org\/{rel}","templated":true}]}}